{"id":45,"date":"2022-03-23T13:56:42","date_gmt":"2022-03-23T12:56:42","guid":{"rendered":"https:\/\/fls.leonarddevinci-mayenne.fr\/?page_id=45"},"modified":"2022-05-04T15:56:40","modified_gmt":"2022-05-04T13:56:40","slug":"contact","status":"publish","type":"page","link":"https:\/\/fls.leonarddevinci-mayenne.fr\/index.php\/contact\/","title":{"rendered":"Contact"},"content":{"rendered":"\n<div class=\"wp-block-group is-layout-constrained wp-block-group-is-layout-constrained\"><div class=\"wp-block-group__inner-container\">\n<div class=\"wp-block-columns is-layout-flex wp-container-core-columns-is-layout-9d6595d7 wp-block-columns-is-layout-flex\">\n<div class=\"wp-block-column is-layout-flow wp-block-column-is-layout-flow\">\n<div class=\"wp-block-image encadre crose\"><figure class=\"aligncenter size-full is-resized\"><img loading=\"lazy\" decoding=\"async\" src=\"https:\/\/fls.leonarddevinci-mayenne.fr\/wp-content\/uploads\/2022\/05\/Capture-de\u0301cran-2022-05-04-a\u0300-08.43.49.png\" alt=\"\" class=\"wp-image-470\" width=\"505\" height=\"148\" srcset=\"https:\/\/fls.leonarddevinci-mayenne.fr\/wp-content\/uploads\/2022\/05\/Capture-de\u0301cran-2022-05-04-a\u0300-08.43.49.png 916w, https:\/\/fls.leonarddevinci-mayenne.fr\/wp-content\/uploads\/2022\/05\/Capture-de\u0301cran-2022-05-04-a\u0300-08.43.49-300x88.png 300w, https:\/\/fls.leonarddevinci-mayenne.fr\/wp-content\/uploads\/2022\/05\/Capture-de\u0301cran-2022-05-04-a\u0300-08.43.49-768x226.png 768w, https:\/\/fls.leonarddevinci-mayenne.fr\/wp-content\/uploads\/2022\/05\/Capture-de\u0301cran-2022-05-04-a\u0300-08.43.49-24x7.png 24w, https:\/\/fls.leonarddevinci-mayenne.fr\/wp-content\/uploads\/2022\/05\/Capture-de\u0301cran-2022-05-04-a\u0300-08.43.49-36x11.png 36w, https:\/\/fls.leonarddevinci-mayenne.fr\/wp-content\/uploads\/2022\/05\/Capture-de\u0301cran-2022-05-04-a\u0300-08.43.49-48x14.png 48w\" sizes=\"auto, (max-width: 505px) 100vw, 505px\" \/><\/figure><\/div>\n<\/div>\n<\/div>\n<\/div><\/div>\n\n\n\n<p class=\"has-ast-global-color-1-color has-text-color has-large-font-size\">Pr\u00e9sentation<\/p>\n\n\n\n<div class=\"wp-block-group encadre cbleuf is-layout-constrained wp-block-group-is-layout-constrained\"><div class=\"wp-block-group__inner-container\">\n<div class=\"wp-block-columns is-layout-flex wp-container-core-columns-is-layout-9d6595d7 wp-block-columns-is-layout-flex\">\n<div class=\"wp-block-column is-layout-flow wp-block-column-is-layout-flow\">\n<div class=\"wp-block-columns is-layout-flex wp-container-core-columns-is-layout-9d6595d7 wp-block-columns-is-layout-flex\">\n<div class=\"wp-block-column is-layout-flow wp-block-column-is-layout-flow\">\n<figure class=\"wp-block-image size-full\"><img loading=\"lazy\" decoding=\"async\" width=\"130\" height=\"173\" src=\"https:\/\/fls.leonarddevinci-mayenne.fr\/wp-content\/uploads\/2022\/04\/01FLSsite_09W_mm-4.jpg\" alt=\"\" class=\"wp-image-354\" srcset=\"https:\/\/fls.leonarddevinci-mayenne.fr\/wp-content\/uploads\/2022\/04\/01FLSsite_09W_mm-4.jpg 130w, https:\/\/fls.leonarddevinci-mayenne.fr\/wp-content\/uploads\/2022\/04\/01FLSsite_09W_mm-4-18x24.jpg 18w, https:\/\/fls.leonarddevinci-mayenne.fr\/wp-content\/uploads\/2022\/04\/01FLSsite_09W_mm-4-27x36.jpg 27w, https:\/\/fls.leonarddevinci-mayenne.fr\/wp-content\/uploads\/2022\/04\/01FLSsite_09W_mm-4-36x48.jpg 36w\" sizes=\"auto, (max-width: 130px) 100vw, 130px\" \/><figcaption>M. SYLVESTRE<br>Proviseur<\/figcaption><\/figure>\n<\/div>\n\n\n\n<div class=\"wp-block-column is-layout-flow wp-block-column-is-layout-flow\">\n<figure class=\"wp-block-image size-full\"><img loading=\"lazy\" decoding=\"async\" width=\"130\" height=\"174\" src=\"https:\/\/fls.leonarddevinci-mayenne.fr\/wp-content\/uploads\/2022\/04\/01FLSsite_02W_mm.jpg\" alt=\"\" class=\"wp-image-314\" srcset=\"https:\/\/fls.leonarddevinci-mayenne.fr\/wp-content\/uploads\/2022\/04\/01FLSsite_02W_mm.jpg 130w, https:\/\/fls.leonarddevinci-mayenne.fr\/wp-content\/uploads\/2022\/04\/01FLSsite_02W_mm-18x24.jpg 18w, https:\/\/fls.leonarddevinci-mayenne.fr\/wp-content\/uploads\/2022\/04\/01FLSsite_02W_mm-27x36.jpg 27w, https:\/\/fls.leonarddevinci-mayenne.fr\/wp-content\/uploads\/2022\/04\/01FLSsite_02W_mm-36x48.jpg 36w\" sizes=\"auto, (max-width: 130px) 100vw, 130px\" \/><figcaption>Mme BAUDRE<br>Proviseure-adjointe<\/figcaption><\/figure>\n<\/div>\n<\/div>\n<\/div>\n\n\n\n<div class=\"wp-block-column is-layout-flow wp-block-column-is-layout-flow\">\n<div class=\"wp-block-columns is-layout-flex wp-container-core-columns-is-layout-9d6595d7 wp-block-columns-is-layout-flex\">\n<div class=\"wp-block-column is-layout-flow wp-block-column-is-layout-flow\">\n<figure class=\"wp-block-image size-full\"><img loading=\"lazy\" decoding=\"async\" width=\"130\" height=\"174\" src=\"https:\/\/fls.leonarddevinci-mayenne.fr\/wp-content\/uploads\/2022\/04\/01FLSsite_01W_mm-1.jpg\" alt=\"\" class=\"wp-image-342\" srcset=\"https:\/\/fls.leonarddevinci-mayenne.fr\/wp-content\/uploads\/2022\/04\/01FLSsite_01W_mm-1.jpg 130w, https:\/\/fls.leonarddevinci-mayenne.fr\/wp-content\/uploads\/2022\/04\/01FLSsite_01W_mm-1-18x24.jpg 18w, https:\/\/fls.leonarddevinci-mayenne.fr\/wp-content\/uploads\/2022\/04\/01FLSsite_01W_mm-1-27x36.jpg 27w, https:\/\/fls.leonarddevinci-mayenne.fr\/wp-content\/uploads\/2022\/04\/01FLSsite_01W_mm-1-36x48.jpg 36w\" sizes=\"auto, (max-width: 130px) 100vw, 130px\" \/><figcaption>M. FUZEAU<br>Gestionnaire<\/figcaption><\/figure>\n<\/div>\n\n\n\n<div class=\"wp-block-column is-layout-flow wp-block-column-is-layout-flow\">\n<figure class=\"wp-block-image size-full\"><img loading=\"lazy\" decoding=\"async\" width=\"130\" height=\"174\" src=\"https:\/\/fls.leonarddevinci-mayenne.fr\/wp-content\/uploads\/2022\/04\/01FLSsite_12W_mm.jpg\" alt=\"\" class=\"wp-image-323\" srcset=\"https:\/\/fls.leonarddevinci-mayenne.fr\/wp-content\/uploads\/2022\/04\/01FLSsite_12W_mm.jpg 130w, https:\/\/fls.leonarddevinci-mayenne.fr\/wp-content\/uploads\/2022\/04\/01FLSsite_12W_mm-18x24.jpg 18w, https:\/\/fls.leonarddevinci-mayenne.fr\/wp-content\/uploads\/2022\/04\/01FLSsite_12W_mm-27x36.jpg 27w, https:\/\/fls.leonarddevinci-mayenne.fr\/wp-content\/uploads\/2022\/04\/01FLSsite_12W_mm-36x48.jpg 36w\" sizes=\"auto, (max-width: 130px) 100vw, 130px\" \/><figcaption>M. LAMBERT<br>DDFPT (Chef des travaux)<\/figcaption><\/figure>\n<\/div>\n<\/div>\n<\/div>\n\n\n\n<div class=\"wp-block-column is-layout-flow wp-block-column-is-layout-flow\">\n<div class=\"wp-block-columns is-layout-flex wp-container-core-columns-is-layout-9d6595d7 wp-block-columns-is-layout-flex\">\n<div class=\"wp-block-column is-layout-flow wp-block-column-is-layout-flow\">\n<div class=\"wp-block-columns is-layout-flex wp-container-core-columns-is-layout-9d6595d7 wp-block-columns-is-layout-flex\">\n<div class=\"wp-block-column is-layout-flow wp-block-column-is-layout-flow\">\n<div class=\"wp-block-columns is-layout-flex wp-container-core-columns-is-layout-9d6595d7 wp-block-columns-is-layout-flex\">\n<div class=\"wp-block-column is-layout-flow wp-block-column-is-layout-flow\">\n<figure class=\"wp-block-image size-full\"><img loading=\"lazy\" decoding=\"async\" width=\"130\" height=\"174\" src=\"https:\/\/fls.leonarddevinci-mayenne.fr\/wp-content\/uploads\/2022\/04\/01FLSsite_03W_mm.jpg\" alt=\"\" class=\"wp-image-315\" srcset=\"https:\/\/fls.leonarddevinci-mayenne.fr\/wp-content\/uploads\/2022\/04\/01FLSsite_03W_mm.jpg 130w, https:\/\/fls.leonarddevinci-mayenne.fr\/wp-content\/uploads\/2022\/04\/01FLSsite_03W_mm-18x24.jpg 18w, https:\/\/fls.leonarddevinci-mayenne.fr\/wp-content\/uploads\/2022\/04\/01FLSsite_03W_mm-27x36.jpg 27w, https:\/\/fls.leonarddevinci-mayenne.fr\/wp-content\/uploads\/2022\/04\/01FLSsite_03W_mm-36x48.jpg 36w\" sizes=\"auto, (max-width: 130px) 100vw, 130px\" \/><figcaption>Mme CECOSSE<br>Assistante gestionnaire<\/figcaption><\/figure>\n<\/div>\n\n\n\n<div class=\"wp-block-column is-layout-flow wp-block-column-is-layout-flow\">\n<figure class=\"wp-block-image size-full\"><img loading=\"lazy\" decoding=\"async\" width=\"130\" height=\"173\" src=\"https:\/\/fls.leonarddevinci-mayenne.fr\/wp-content\/uploads\/2022\/04\/01FLSsite_05W_mm-1.jpg\" alt=\"\" class=\"wp-image-349\" srcset=\"https:\/\/fls.leonarddevinci-mayenne.fr\/wp-content\/uploads\/2022\/04\/01FLSsite_05W_mm-1.jpg 130w, https:\/\/fls.leonarddevinci-mayenne.fr\/wp-content\/uploads\/2022\/04\/01FLSsite_05W_mm-1-18x24.jpg 18w, https:\/\/fls.leonarddevinci-mayenne.fr\/wp-content\/uploads\/2022\/04\/01FLSsite_05W_mm-1-27x36.jpg 27w, https:\/\/fls.leonarddevinci-mayenne.fr\/wp-content\/uploads\/2022\/04\/01FLSsite_05W_mm-1-36x48.jpg 36w\" sizes=\"auto, (max-width: 130px) 100vw, 130px\" \/><figcaption>M. FOUILLEUL<br>Secr\u00e9taire du personnel<\/figcaption><\/figure>\n<\/div>\n<\/div>\n<\/div>\n<\/div>\n<\/div>\n<\/div>\n<\/div>\n<\/div>\n\n\n\n<div class=\"wp-block-columns is-layout-flex wp-container-core-columns-is-layout-9d6595d7 wp-block-columns-is-layout-flex\">\n<div class=\"wp-block-column is-layout-flow wp-block-column-is-layout-flow\">\n<div class=\"wp-block-columns is-layout-flex wp-container-core-columns-is-layout-9d6595d7 wp-block-columns-is-layout-flex\">\n<div class=\"wp-block-column is-layout-flow wp-block-column-is-layout-flow\">\n<figure class=\"wp-block-image size-full\"><img loading=\"lazy\" decoding=\"async\" width=\"130\" height=\"174\" src=\"https:\/\/fls.leonarddevinci-mayenne.fr\/wp-content\/uploads\/2022\/04\/01FLSsite_06W_mm-1.jpg\" alt=\"\" class=\"wp-image-344\" srcset=\"https:\/\/fls.leonarddevinci-mayenne.fr\/wp-content\/uploads\/2022\/04\/01FLSsite_06W_mm-1.jpg 130w, https:\/\/fls.leonarddevinci-mayenne.fr\/wp-content\/uploads\/2022\/04\/01FLSsite_06W_mm-1-18x24.jpg 18w, https:\/\/fls.leonarddevinci-mayenne.fr\/wp-content\/uploads\/2022\/04\/01FLSsite_06W_mm-1-27x36.jpg 27w, https:\/\/fls.leonarddevinci-mayenne.fr\/wp-content\/uploads\/2022\/04\/01FLSsite_06W_mm-1-36x48.jpg 36w\" sizes=\"auto, (max-width: 130px) 100vw, 130px\" \/><figcaption>M. BRUN<br>Secr\u00e9taire des \u00e9l\u00e8ves<\/figcaption><\/figure>\n<\/div>\n\n\n\n<div class=\"wp-block-column is-layout-flow wp-block-column-is-layout-flow\">\n<figure class=\"wp-block-image size-full\"><img loading=\"lazy\" decoding=\"async\" width=\"130\" height=\"174\" src=\"https:\/\/fls.leonarddevinci-mayenne.fr\/wp-content\/uploads\/2022\/04\/01FLSsite_10W_mm.jpg\" alt=\"\" class=\"wp-image-321\" srcset=\"https:\/\/fls.leonarddevinci-mayenne.fr\/wp-content\/uploads\/2022\/04\/01FLSsite_10W_mm.jpg 130w, https:\/\/fls.leonarddevinci-mayenne.fr\/wp-content\/uploads\/2022\/04\/01FLSsite_10W_mm-18x24.jpg 18w, https:\/\/fls.leonarddevinci-mayenne.fr\/wp-content\/uploads\/2022\/04\/01FLSsite_10W_mm-27x36.jpg 27w, https:\/\/fls.leonarddevinci-mayenne.fr\/wp-content\/uploads\/2022\/04\/01FLSsite_10W_mm-36x48.jpg 36w\" sizes=\"auto, (max-width: 130px) 100vw, 130px\" \/><figcaption>M. GIRARD <br>CPE<\/figcaption><\/figure>\n<\/div>\n<\/div>\n<\/div>\n\n\n\n<div class=\"wp-block-column is-layout-flow wp-block-column-is-layout-flow\">\n<div class=\"wp-block-columns is-layout-flex wp-container-core-columns-is-layout-9d6595d7 wp-block-columns-is-layout-flex\">\n<div class=\"wp-block-column is-layout-flow wp-block-column-is-layout-flow\">\n<figure class=\"wp-block-image size-full\"><img loading=\"lazy\" decoding=\"async\" width=\"130\" height=\"173\" src=\"https:\/\/fls.leonarddevinci-mayenne.fr\/wp-content\/uploads\/2022\/04\/01FLSsite_11W_mm.jpg\" alt=\"\" class=\"wp-image-322\" srcset=\"https:\/\/fls.leonarddevinci-mayenne.fr\/wp-content\/uploads\/2022\/04\/01FLSsite_11W_mm.jpg 130w, https:\/\/fls.leonarddevinci-mayenne.fr\/wp-content\/uploads\/2022\/04\/01FLSsite_11W_mm-18x24.jpg 18w, https:\/\/fls.leonarddevinci-mayenne.fr\/wp-content\/uploads\/2022\/04\/01FLSsite_11W_mm-27x36.jpg 27w, https:\/\/fls.leonarddevinci-mayenne.fr\/wp-content\/uploads\/2022\/04\/01FLSsite_11W_mm-36x48.jpg 36w\" sizes=\"auto, (max-width: 130px) 100vw, 130px\" \/><figcaption>M. BOY <br>CPE<br><\/figcaption><\/figure>\n<\/div>\n\n\n\n<div class=\"wp-block-column is-layout-flow wp-block-column-is-layout-flow\">\n<figure class=\"wp-block-image size-full\"><img loading=\"lazy\" decoding=\"async\" width=\"130\" height=\"174\" src=\"https:\/\/fls.leonarddevinci-mayenne.fr\/wp-content\/uploads\/2022\/04\/01FLSsite_13W_mm.jpg\" alt=\"\" class=\"wp-image-324\" srcset=\"https:\/\/fls.leonarddevinci-mayenne.fr\/wp-content\/uploads\/2022\/04\/01FLSsite_13W_mm.jpg 130w, https:\/\/fls.leonarddevinci-mayenne.fr\/wp-content\/uploads\/2022\/04\/01FLSsite_13W_mm-18x24.jpg 18w, https:\/\/fls.leonarddevinci-mayenne.fr\/wp-content\/uploads\/2022\/04\/01FLSsite_13W_mm-27x36.jpg 27w, https:\/\/fls.leonarddevinci-mayenne.fr\/wp-content\/uploads\/2022\/04\/01FLSsite_13W_mm-36x48.jpg 36w\" sizes=\"auto, (max-width: 130px) 100vw, 130px\" \/><figcaption>Mme ROBINEAU<br>Assistante sociale<\/figcaption><\/figure>\n<\/div>\n<\/div>\n<\/div>\n\n\n\n<div class=\"wp-block-column is-layout-flow wp-block-column-is-layout-flow\">\n<div class=\"wp-block-columns is-layout-flex wp-container-core-columns-is-layout-9d6595d7 wp-block-columns-is-layout-flex\">\n<div class=\"wp-block-column is-layout-flow wp-block-column-is-layout-flow\">\n<div class=\"wp-block-columns is-layout-flex wp-container-core-columns-is-layout-9d6595d7 wp-block-columns-is-layout-flex\">\n<div class=\"wp-block-column is-layout-flow wp-block-column-is-layout-flow\">\n<figure class=\"wp-block-image size-full\"><img loading=\"lazy\" decoding=\"async\" width=\"130\" height=\"174\" src=\"https:\/\/fls.leonarddevinci-mayenne.fr\/wp-content\/uploads\/2022\/04\/01FLSsite_14W_mm-3.jpg\" alt=\"\" class=\"wp-image-350\" srcset=\"https:\/\/fls.leonarddevinci-mayenne.fr\/wp-content\/uploads\/2022\/04\/01FLSsite_14W_mm-3.jpg 130w, https:\/\/fls.leonarddevinci-mayenne.fr\/wp-content\/uploads\/2022\/04\/01FLSsite_14W_mm-3-18x24.jpg 18w, https:\/\/fls.leonarddevinci-mayenne.fr\/wp-content\/uploads\/2022\/04\/01FLSsite_14W_mm-3-27x36.jpg 27w, https:\/\/fls.leonarddevinci-mayenne.fr\/wp-content\/uploads\/2022\/04\/01FLSsite_14W_mm-3-36x48.jpg 36w\" sizes=\"auto, (max-width: 130px) 100vw, 130px\" \/><figcaption>Mme PEAN<br>Infirmi\u00e8re<\/figcaption><\/figure>\n<\/div>\n\n\n\n<div class=\"wp-block-column is-layout-flow wp-block-column-is-layout-flow\">\n<figure class=\"wp-block-image size-full\"><img loading=\"lazy\" decoding=\"async\" width=\"130\" height=\"174\" src=\"https:\/\/fls.leonarddevinci-mayenne.fr\/wp-content\/uploads\/2022\/04\/01FLSsite_07W_mm-1.jpg\" alt=\"\" class=\"wp-image-343\" srcset=\"https:\/\/fls.leonarddevinci-mayenne.fr\/wp-content\/uploads\/2022\/04\/01FLSsite_07W_mm-1.jpg 130w, https:\/\/fls.leonarddevinci-mayenne.fr\/wp-content\/uploads\/2022\/04\/01FLSsite_07W_mm-1-18x24.jpg 18w, https:\/\/fls.leonarddevinci-mayenne.fr\/wp-content\/uploads\/2022\/04\/01FLSsite_07W_mm-1-27x36.jpg 27w, https:\/\/fls.leonarddevinci-mayenne.fr\/wp-content\/uploads\/2022\/04\/01FLSsite_07W_mm-1-36x48.jpg 36w\" sizes=\"auto, (max-width: 130px) 100vw, 130px\" \/><figcaption>Mme JAMME<br>Documentaliste<\/figcaption><\/figure>\n<\/div>\n<\/div>\n<\/div>\n<\/div>\n<\/div>\n<\/div>\n\n\n\n<div class=\"wp-block-columns is-layout-flex wp-container-core-columns-is-layout-9d6595d7 wp-block-columns-is-layout-flex\">\n<div class=\"wp-block-column is-layout-flow wp-block-column-is-layout-flow\">\n<div class=\"wp-block-columns is-layout-flex wp-container-core-columns-is-layout-9d6595d7 wp-block-columns-is-layout-flex\">\n<div class=\"wp-block-column is-layout-flow wp-block-column-is-layout-flow\">\n<div class=\"wp-block-columns is-layout-flex wp-container-core-columns-is-layout-9d6595d7 wp-block-columns-is-layout-flex\">\n<div class=\"wp-block-column is-layout-flow wp-block-column-is-layout-flow\">\n<div class=\"wp-block-columns is-layout-flex wp-container-core-columns-is-layout-9d6595d7 wp-block-columns-is-layout-flex\">\n<div class=\"wp-block-column is-layout-flow wp-block-column-is-layout-flow\">\n<figure class=\"wp-block-image size-full\"><img loading=\"lazy\" decoding=\"async\" width=\"130\" height=\"174\" src=\"https:\/\/fls.leonarddevinci-mayenne.fr\/wp-content\/uploads\/2022\/05\/01FLSsite_27W_mm-1.jpg\" alt=\"\" class=\"wp-image-563\" srcset=\"https:\/\/fls.leonarddevinci-mayenne.fr\/wp-content\/uploads\/2022\/05\/01FLSsite_27W_mm-1.jpg 130w, https:\/\/fls.leonarddevinci-mayenne.fr\/wp-content\/uploads\/2022\/05\/01FLSsite_27W_mm-1-18x24.jpg 18w, https:\/\/fls.leonarddevinci-mayenne.fr\/wp-content\/uploads\/2022\/05\/01FLSsite_27W_mm-1-27x36.jpg 27w, https:\/\/fls.leonarddevinci-mayenne.fr\/wp-content\/uploads\/2022\/05\/01FLSsite_27W_mm-1-36x48.jpg 36w\" sizes=\"auto, (max-width: 130px) 100vw, 130px\" \/><figcaption>M. MOTTIER<br>Chef cuisine<\/figcaption><\/figure>\n<\/div>\n\n\n\n<div class=\"wp-block-column is-layout-flow wp-block-column-is-layout-flow\"><\/div>\n<\/div>\n<\/div>\n\n\n\n<div class=\"wp-block-column is-layout-flow wp-block-column-is-layout-flow\">\n<div class=\"wp-block-columns is-layout-flex wp-container-core-columns-is-layout-9d6595d7 wp-block-columns-is-layout-flex\">\n<div class=\"wp-block-column is-layout-flow wp-block-column-is-layout-flow\"><\/div>\n\n\n\n<div class=\"wp-block-column is-layout-flow wp-block-column-is-layout-flow\"><\/div>\n<\/div>\n<\/div>\n\n\n\n<div class=\"wp-block-column is-layout-flow wp-block-column-is-layout-flow\">\n<div class=\"wp-block-columns is-layout-flex wp-container-core-columns-is-layout-9d6595d7 wp-block-columns-is-layout-flex\">\n<div class=\"wp-block-column is-layout-flow wp-block-column-is-layout-flow\"><\/div>\n\n\n\n<div class=\"wp-block-column is-layout-flow wp-block-column-is-layout-flow\"><\/div>\n<\/div>\n<\/div>\n<\/div>\n<\/div>\n<\/div>\n<\/div>\n<\/div>\n<\/div><\/div>\n\n\n\n<p><\/p>\n\n\n\n<p><\/p>\n","protected":false},"excerpt":{"rendered":"<p>Pr\u00e9sentation<\/p>\n","protected":false},"author":1,"featured_media":0,"parent":0,"menu_order":0,"comment_status":"closed","ping_status":"closed","template":"","meta":{"site-sidebar-layout":"default","site-content-layout":"default","ast-main-header-display":"","ast-hfb-above-header-display":"","ast-hfb-below-header-display":"","ast-hfb-mobile-header-display":"","site-post-title":"","ast-breadcrumbs-content":"","ast-featured-img":"","footer-sml-layout":"","theme-transparent-header-meta":"","adv-header-id-meta":"","stick-header-meta":"","header-above-stick-meta":"","header-main-stick-meta":"","header-below-stick-meta":"","footnotes":""},"class_list":["post-45","page","type-page","status-publish","hentry"],"yoast_head":"<!-- This site is optimized with the Yoast SEO plugin v18.9 - https:\/\/yoast.com\/wordpress\/plugins\/seo\/ -->\n<title>Contact -<\/title>\n<meta name=\"robots\" content=\"index, follow, max-snippet:-1, max-image-preview:large, max-video-preview:-1\" \/>\n<link rel=\"canonical\" href=\"https:\/\/fls.leonarddevinci-mayenne.fr\/index.php\/contact\/\" \/>\n<meta property=\"og:locale\" content=\"fr_FR\" \/>\n<meta property=\"og:type\" content=\"article\" \/>\n<meta property=\"og:title\" content=\"Contact -\" \/>\n<meta property=\"og:description\" content=\"Pr\u00e9sentation\" \/>\n<meta property=\"og:url\" content=\"https:\/\/fls.leonarddevinci-mayenne.fr\/index.php\/contact\/\" \/>\n<meta property=\"article:modified_time\" content=\"2022-05-04T13:56:40+00:00\" \/>\n<meta property=\"og:image\" content=\"https:\/\/fls.leonarddevinci-mayenne.fr\/wp-content\/uploads\/2022\/04\/01FLSsite_09W_mm-4.jpg\" \/>\n<meta name=\"twitter:card\" content=\"summary_large_image\" \/>\n<script type=\"application\/ld+json\" class=\"yoast-schema-graph\">{\"@context\":\"https:\/\/schema.org\",\"@graph\":[{\"@type\":\"WebSite\",\"@id\":\"https:\/\/fls.leonarddevinci-mayenne.fr\/#website\",\"url\":\"https:\/\/fls.leonarddevinci-mayenne.fr\/\",\"name\":\"\",\"description\":\"\",\"potentialAction\":[{\"@type\":\"SearchAction\",\"target\":{\"@type\":\"EntryPoint\",\"urlTemplate\":\"https:\/\/fls.leonarddevinci-mayenne.fr\/?s={search_term_string}\"},\"query-input\":\"required name=search_term_string\"}],\"inLanguage\":\"fr-FR\"},{\"@type\":\"ImageObject\",\"inLanguage\":\"fr-FR\",\"@id\":\"https:\/\/fls.leonarddevinci-mayenne.fr\/index.php\/contact\/#primaryimage\",\"url\":\"https:\/\/fls.leonarddevinci-mayenne.fr\/wp-content\/uploads\/2022\/04\/01FLSsite_09W_mm-4.jpg\",\"contentUrl\":\"https:\/\/fls.leonarddevinci-mayenne.fr\/wp-content\/uploads\/2022\/04\/01FLSsite_09W_mm-4.jpg\",\"width\":130,\"height\":173},{\"@type\":\"WebPage\",\"@id\":\"https:\/\/fls.leonarddevinci-mayenne.fr\/index.php\/contact\/#webpage\",\"url\":\"https:\/\/fls.leonarddevinci-mayenne.fr\/index.php\/contact\/\",\"name\":\"Contact -\",\"isPartOf\":{\"@id\":\"https:\/\/fls.leonarddevinci-mayenne.fr\/#website\"},\"primaryImageOfPage\":{\"@id\":\"https:\/\/fls.leonarddevinci-mayenne.fr\/index.php\/contact\/#primaryimage\"},\"datePublished\":\"2022-03-23T12:56:42+00:00\",\"dateModified\":\"2022-05-04T13:56:40+00:00\",\"breadcrumb\":{\"@id\":\"https:\/\/fls.leonarddevinci-mayenne.fr\/index.php\/contact\/#breadcrumb\"},\"inLanguage\":\"fr-FR\",\"potentialAction\":[{\"@type\":\"ReadAction\",\"target\":[\"https:\/\/fls.leonarddevinci-mayenne.fr\/index.php\/contact\/\"]}]},{\"@type\":\"BreadcrumbList\",\"@id\":\"https:\/\/fls.leonarddevinci-mayenne.fr\/index.php\/contact\/#breadcrumb\",\"itemListElement\":[{\"@type\":\"ListItem\",\"position\":1,\"name\":\"Accueil\",\"item\":\"https:\/\/fls.leonarddevinci-mayenne.fr\/\"},{\"@type\":\"ListItem\",\"position\":2,\"name\":\"Contact\"}]}]}<\/script>\n<!-- \/ Yoast SEO plugin. -->","yoast_head_json":{"title":"Contact -","robots":{"index":"index","follow":"follow","max-snippet":"max-snippet:-1","max-image-preview":"max-image-preview:large","max-video-preview":"max-video-preview:-1"},"canonical":"https:\/\/fls.leonarddevinci-mayenne.fr\/index.php\/contact\/","og_locale":"fr_FR","og_type":"article","og_title":"Contact -","og_description":"Pr\u00e9sentation","og_url":"https:\/\/fls.leonarddevinci-mayenne.fr\/index.php\/contact\/","article_modified_time":"2022-05-04T13:56:40+00:00","og_image":[{"url":"https:\/\/fls.leonarddevinci-mayenne.fr\/wp-content\/uploads\/2022\/04\/01FLSsite_09W_mm-4.jpg"}],"twitter_card":"summary_large_image","schema":{"@context":"https:\/\/schema.org","@graph":[{"@type":"WebSite","@id":"https:\/\/fls.leonarddevinci-mayenne.fr\/#website","url":"https:\/\/fls.leonarddevinci-mayenne.fr\/","name":"","description":"","potentialAction":[{"@type":"SearchAction","target":{"@type":"EntryPoint","urlTemplate":"https:\/\/fls.leonarddevinci-mayenne.fr\/?s={search_term_string}"},"query-input":"required name=search_term_string"}],"inLanguage":"fr-FR"},{"@type":"ImageObject","inLanguage":"fr-FR","@id":"https:\/\/fls.leonarddevinci-mayenne.fr\/index.php\/contact\/#primaryimage","url":"https:\/\/fls.leonarddevinci-mayenne.fr\/wp-content\/uploads\/2022\/04\/01FLSsite_09W_mm-4.jpg","contentUrl":"https:\/\/fls.leonarddevinci-mayenne.fr\/wp-content\/uploads\/2022\/04\/01FLSsite_09W_mm-4.jpg","width":130,"height":173},{"@type":"WebPage","@id":"https:\/\/fls.leonarddevinci-mayenne.fr\/index.php\/contact\/#webpage","url":"https:\/\/fls.leonarddevinci-mayenne.fr\/index.php\/contact\/","name":"Contact -","isPartOf":{"@id":"https:\/\/fls.leonarddevinci-mayenne.fr\/#website"},"primaryImageOfPage":{"@id":"https:\/\/fls.leonarddevinci-mayenne.fr\/index.php\/contact\/#primaryimage"},"datePublished":"2022-03-23T12:56:42+00:00","dateModified":"2022-05-04T13:56:40+00:00","breadcrumb":{"@id":"https:\/\/fls.leonarddevinci-mayenne.fr\/index.php\/contact\/#breadcrumb"},"inLanguage":"fr-FR","potentialAction":[{"@type":"ReadAction","target":["https:\/\/fls.leonarddevinci-mayenne.fr\/index.php\/contact\/"]}]},{"@type":"BreadcrumbList","@id":"https:\/\/fls.leonarddevinci-mayenne.fr\/index.php\/contact\/#breadcrumb","itemListElement":[{"@type":"ListItem","position":1,"name":"Accueil","item":"https:\/\/fls.leonarddevinci-mayenne.fr\/"},{"@type":"ListItem","position":2,"name":"Contact"}]}]}},"_links":{"self":[{"href":"https:\/\/fls.leonarddevinci-mayenne.fr\/index.php\/wp-json\/wp\/v2\/pages\/45","targetHints":{"allow":["GET"]}}],"collection":[{"href":"https:\/\/fls.leonarddevinci-mayenne.fr\/index.php\/wp-json\/wp\/v2\/pages"}],"about":[{"href":"https:\/\/fls.leonarddevinci-mayenne.fr\/index.php\/wp-json\/wp\/v2\/types\/page"}],"author":[{"embeddable":true,"href":"https:\/\/fls.leonarddevinci-mayenne.fr\/index.php\/wp-json\/wp\/v2\/users\/1"}],"replies":[{"embeddable":true,"href":"https:\/\/fls.leonarddevinci-mayenne.fr\/index.php\/wp-json\/wp\/v2\/comments?post=45"}],"version-history":[{"count":36,"href":"https:\/\/fls.leonarddevinci-mayenne.fr\/index.php\/wp-json\/wp\/v2\/pages\/45\/revisions"}],"predecessor-version":[{"id":564,"href":"https:\/\/fls.leonarddevinci-mayenne.fr\/index.php\/wp-json\/wp\/v2\/pages\/45\/revisions\/564"}],"wp:attachment":[{"href":"https:\/\/fls.leonarddevinci-mayenne.fr\/index.php\/wp-json\/wp\/v2\/media?parent=45"}],"curies":[{"name":"wp","href":"https:\/\/api.w.org\/{rel}","templated":true}]}}