{"id":49,"date":"2022-03-23T13:58:10","date_gmt":"2022-03-23T12:58:10","guid":{"rendered":"https:\/\/fls.leonarddevinci-mayenne.fr\/?page_id=49"},"modified":"2022-05-11T08:17:14","modified_gmt":"2022-05-11T06:17:14","slug":"localisation","status":"publish","type":"page","link":"https:\/\/fls.leonarddevinci-mayenne.fr\/index.php\/localisation\/","title":{"rendered":"Localisation"},"content":{"rendered":"\n<div class=\"wp-block-group is-layout-constrained wp-block-group-is-layout-constrained\"><div class=\"wp-block-group__inner-container\">\n<div class=\"wp-block-columns is-layout-flex wp-container-core-columns-is-layout-9d6595d7 wp-block-columns-is-layout-flex\">\n<div class=\"wp-block-column is-layout-flow wp-block-column-is-layout-flow\" style=\"flex-basis:66.66%\">\n<figure class=\"wp-block-image size-large encadre corangec\"><a href=\"https:\/\/fls.leonarddevinci-mayenne.fr\/wp-content\/uploads\/2022\/05\/01FLSsite_25W_mm-1-1024x925-1-1024x925.png\" target=\"_blank\" rel=\"noopener\"><img loading=\"lazy\" decoding=\"async\" width=\"1024\" height=\"925\" src=\"https:\/\/fls.leonarddevinci-mayenne.fr\/wp-content\/uploads\/2022\/05\/01FLSsite_25W_mm-1-1024x925-1-1024x925.png\" alt=\"\" class=\"wp-image-530\" srcset=\"https:\/\/fls.leonarddevinci-mayenne.fr\/wp-content\/uploads\/2022\/05\/01FLSsite_25W_mm-1-1024x925-1-1024x925.png 1024w, https:\/\/fls.leonarddevinci-mayenne.fr\/wp-content\/uploads\/2022\/05\/01FLSsite_25W_mm-1-1024x925-1-300x271.png 300w, https:\/\/fls.leonarddevinci-mayenne.fr\/wp-content\/uploads\/2022\/05\/01FLSsite_25W_mm-1-1024x925-1-768x694.png 768w, https:\/\/fls.leonarddevinci-mayenne.fr\/wp-content\/uploads\/2022\/05\/01FLSsite_25W_mm-1-1024x925-1-1536x1388.png 1536w, https:\/\/fls.leonarddevinci-mayenne.fr\/wp-content\/uploads\/2022\/05\/01FLSsite_25W_mm-1-1024x925-1-2048x1850.png 2048w, https:\/\/fls.leonarddevinci-mayenne.fr\/wp-content\/uploads\/2022\/05\/01FLSsite_25W_mm-1-1024x925-1-24x22.png 24w, https:\/\/fls.leonarddevinci-mayenne.fr\/wp-content\/uploads\/2022\/05\/01FLSsite_25W_mm-1-1024x925-1-36x33.png 36w, https:\/\/fls.leonarddevinci-mayenne.fr\/wp-content\/uploads\/2022\/05\/01FLSsite_25W_mm-1-1024x925-1-48x43.png 48w\" sizes=\"auto, (max-width: 1024px) 100vw, 1024px\" \/><\/a><figcaption><strong><em>Plan du lyc\u00e9e L\u00e9onard-de-vinci, Mayenne.<\/em><\/strong><\/figcaption><\/figure>\n<\/div>\n\n\n\n<div class=\"wp-block-column is-layout-flow wp-block-column-is-layout-flow\" style=\"flex-basis:33.33%\">\n<p><strong>1.<\/strong> Accueil<br><strong>2.<\/strong> AMA-CV (2<sup>e <\/sup>\u00e9tage)<br><strong>3.<\/strong> Sant\u00e9 Social (ASSP)<br><strong>4.<\/strong> Enseignement g\u00e9n\u00e9ral et 3<sup>e<\/sup> <br>(rez-de-chauss\u00e9e)<br><strong>5.<\/strong> Ateliers industriels :<br>\u2013 Maintenance v\u00e9hicules<br>\u2013 Conduite routi\u00e8re<br>\u2013 Chaudronnerie industrielle<br>\u2013Carrosserie<br><strong>6.<\/strong> Industries graphiques<br><strong>7.<\/strong> Internat gar\u00e7ons \/ Foyer \/ CDI<br><strong>8.<\/strong> Gestion Administration (AGORA)<br><strong>9.<\/strong> Mission de lutte contre le d\u00e9crochage scolaire (MLDS)<br><strong>10.<\/strong> Centre de formation <br>et d\u2019apprentissage (CFA)<br><strong>11.<\/strong> \u00c9ducation physique et sportive (EPS)<br><strong>12.<\/strong> Caf\u00e9t\u00e9ria \/ Self<br><strong>13.<\/strong> Administration :<br>\u2013 Intendance \/ secr\u00e9tariat<br>\u2013 Direction<br>\u2013 Assistante sociale<br><strong>14.<\/strong> Vie scolaire :<br>\u2013 Assistants d\u2019\u00e9ducation<br>\u2013 Conseillers principaux d\u2019\u00e9ducation<br><strong>15.<\/strong> Piste poids lourds<\/p>\n<\/div>\n<\/div>\n<\/div><\/div>\n\n\n\n<div class=\"wp-block-group is-layout-constrained wp-block-group-is-layout-constrained\"><div class=\"wp-block-group__inner-container\">\n<div class=\"wp-block-columns is-layout-flex wp-container-core-columns-is-layout-9d6595d7 wp-block-columns-is-layout-flex\">\n<div class=\"wp-block-column is-layout-flow wp-block-column-is-layout-flow\">\n<div class=\"wp-block-image encadre cbleum\"><figure class=\"aligncenter size-large\"><a href=\"https:\/\/www.geoportail.gouv.fr\/carte\" target=\"_blank\" rel=\"noopener\"><img loading=\"lazy\" decoding=\"async\" width=\"1024\" height=\"728\" src=\"https:\/\/fls.leonarddevinci-mayenne.fr\/wp-content\/uploads\/2022\/05\/Capture-de\u0301cran-2022-05-04-a\u0300-11.39.44-1024x728.png\" alt=\"\" class=\"wp-image-525\" srcset=\"https:\/\/fls.leonarddevinci-mayenne.fr\/wp-content\/uploads\/2022\/05\/Capture-de\u0301cran-2022-05-04-a\u0300-11.39.44-1024x728.png 1024w, https:\/\/fls.leonarddevinci-mayenne.fr\/wp-content\/uploads\/2022\/05\/Capture-de\u0301cran-2022-05-04-a\u0300-11.39.44-300x213.png 300w, https:\/\/fls.leonarddevinci-mayenne.fr\/wp-content\/uploads\/2022\/05\/Capture-de\u0301cran-2022-05-04-a\u0300-11.39.44-768x546.png 768w, https:\/\/fls.leonarddevinci-mayenne.fr\/wp-content\/uploads\/2022\/05\/Capture-de\u0301cran-2022-05-04-a\u0300-11.39.44-1536x1091.png 1536w, https:\/\/fls.leonarddevinci-mayenne.fr\/wp-content\/uploads\/2022\/05\/Capture-de\u0301cran-2022-05-04-a\u0300-11.39.44-24x17.png 24w, https:\/\/fls.leonarddevinci-mayenne.fr\/wp-content\/uploads\/2022\/05\/Capture-de\u0301cran-2022-05-04-a\u0300-11.39.44-36x26.png 36w, https:\/\/fls.leonarddevinci-mayenne.fr\/wp-content\/uploads\/2022\/05\/Capture-de\u0301cran-2022-05-04-a\u0300-11.39.44-48x34.png 48w, https:\/\/fls.leonarddevinci-mayenne.fr\/wp-content\/uploads\/2022\/05\/Capture-de\u0301cran-2022-05-04-a\u0300-11.39.44.png 1658w\" sizes=\"auto, (max-width: 1024px) 100vw, 1024px\" \/><\/a><figcaption>Plan G\u00e9oportail <br><strong><em>Clique pour te d\u00e9placer <\/em><\/strong><\/figcaption><\/figure><\/div>\n<\/div>\n<\/div>\n<\/div><\/div>\n\n\n\n<div class=\"wp-block-group is-layout-constrained wp-block-group-is-layout-constrained\"><div class=\"wp-block-group__inner-container\">\n<div class=\"wp-block-columns encadre crose is-layout-flex wp-container-core-columns-is-layout-9d6595d7 wp-block-columns-is-layout-flex\">\n<div class=\"wp-block-column is-layout-flow wp-block-column-is-layout-flow\">\n<p class=\"has-text-color\" style=\"color:#cc3399\"><strong>\u00c0 VISITER<\/strong><\/p>\n\n\n\n<p class=\"has-text-color\" style=\"color:#cc3399\">En Mayenne :<\/p>\n\n\n\n<ul class=\"wp-block-list\"><li>Sainte-Suzanne<\/li><li>Grottes de Saulges<\/li><li>Mus\u00e9e du Vieux-Ch\u00e2teau, Laval<\/li><li>Mus\u00e9e Robert-Tatin, Coss\u00e9-le-Vivien<\/li><li>Site arch\u00e9ologique de Jublains<\/li><\/ul>\n<\/div>\n\n\n\n<div class=\"wp-block-column is-layout-flow wp-block-column-is-layout-flow\">\n<p class=\"has-text-color\" style=\"color:#cc3399\">Aux alentours&nbsp;:<\/p>\n\n\n\n<ul class=\"wp-block-list\"><li>Saint-Malo<\/li><li>Mont-Saint-Michel <\/li><li>Paris et ses monuments les plus connus : la tour Eiffel, le Louvre, ch\u00e2teau de Versailles\u2026<\/li><li>Les plages du d\u00e9barquement en Normandie<\/li><li>Le m\u00e9morial de Caen<\/li><li>Les alignements de Carnac<\/li><\/ul>\n<\/div>\n<\/div>\n<\/div><\/div>\n","protected":false},"excerpt":{"rendered":"<p>1. Accueil2. AMA-CV (2e \u00e9tage)3. Sant\u00e9 Social (ASSP)4. Enseignement g\u00e9n\u00e9ral et 3e (rez-de-chauss\u00e9e)5. Ateliers industriels :\u2013 Maintenance v\u00e9hicules\u2013 Conduite routi\u00e8re\u2013 Chaudronnerie industrielle\u2013Carrosserie6. Industries graphiques7. Internat gar\u00e7ons \/ Foyer \/ CDI8. Gestion Administration (AGORA)9. Mission de lutte contre le d\u00e9crochage scolaire (MLDS)10. Centre de formation et d\u2019apprentissage (CFA)11. \u00c9ducation physique et sportive (EPS)12. Caf\u00e9t\u00e9ria \/ Self13. &hellip;<\/p>\n<p class=\"read-more\"> <a class=\"\" href=\"https:\/\/fls.leonarddevinci-mayenne.fr\/index.php\/localisation\/\"> <span class=\"screen-reader-text\">Localisation<\/span> Lire la suite\u00a0\u00bb<\/a><\/p>\n","protected":false},"author":1,"featured_media":0,"parent":0,"menu_order":0,"comment_status":"closed","ping_status":"closed","template":"","meta":{"site-sidebar-layout":"default","site-content-layout":"default","ast-main-header-display":"","ast-hfb-above-header-display":"","ast-hfb-below-header-display":"","ast-hfb-mobile-header-display":"","site-post-title":"","ast-breadcrumbs-content":"","ast-featured-img":"","footer-sml-layout":"","theme-transparent-header-meta":"","adv-header-id-meta":"","stick-header-meta":"","header-above-stick-meta":"","header-main-stick-meta":"","header-below-stick-meta":"","footnotes":""},"class_list":["post-49","page","type-page","status-publish","hentry"],"yoast_head":"<!-- This site is optimized with the Yoast SEO plugin v18.9 - https:\/\/yoast.com\/wordpress\/plugins\/seo\/ -->\n<title>Localisation -<\/title>\n<meta name=\"robots\" content=\"index, follow, max-snippet:-1, max-image-preview:large, max-video-preview:-1\" \/>\n<link rel=\"canonical\" href=\"https:\/\/fls.leonarddevinci-mayenne.fr\/index.php\/localisation\/\" \/>\n<meta property=\"og:locale\" content=\"fr_FR\" \/>\n<meta property=\"og:type\" content=\"article\" \/>\n<meta property=\"og:title\" content=\"Localisation -\" \/>\n<meta property=\"og:description\" content=\"1. Accueil2. AMA-CV (2e \u00e9tage)3. Sant\u00e9 Social (ASSP)4. Enseignement g\u00e9n\u00e9ral et 3e (rez-de-chauss\u00e9e)5. Ateliers industriels :\u2013 Maintenance v\u00e9hicules\u2013 Conduite routi\u00e8re\u2013 Chaudronnerie industrielle\u2013Carrosserie6. Industries graphiques7. Internat gar\u00e7ons \/ Foyer \/ CDI8. Gestion Administration (AGORA)9. Mission de lutte contre le d\u00e9crochage scolaire (MLDS)10. Centre de formation et d\u2019apprentissage (CFA)11. \u00c9ducation physique et sportive (EPS)12. Caf\u00e9t\u00e9ria \/ Self13. &hellip; Localisation Lire la suite\u00a0\u00bb\" \/>\n<meta property=\"og:url\" content=\"https:\/\/fls.leonarddevinci-mayenne.fr\/index.php\/localisation\/\" \/>\n<meta property=\"article:modified_time\" content=\"2022-05-11T06:17:14+00:00\" \/>\n<meta property=\"og:image\" content=\"https:\/\/fls.leonarddevinci-mayenne.fr\/wp-content\/uploads\/2022\/05\/01FLSsite_25W_mm-1-1024x925-1-1024x925.png\" \/>\n<meta name=\"twitter:card\" content=\"summary_large_image\" \/>\n<meta name=\"twitter:label1\" content=\"Dur\u00e9e de lecture estim\u00e9e\" \/>\n\t<meta name=\"twitter:data1\" content=\"1 minute\" \/>\n<script type=\"application\/ld+json\" class=\"yoast-schema-graph\">{\"@context\":\"https:\/\/schema.org\",\"@graph\":[{\"@type\":\"WebSite\",\"@id\":\"https:\/\/fls.leonarddevinci-mayenne.fr\/#website\",\"url\":\"https:\/\/fls.leonarddevinci-mayenne.fr\/\",\"name\":\"\",\"description\":\"\",\"potentialAction\":[{\"@type\":\"SearchAction\",\"target\":{\"@type\":\"EntryPoint\",\"urlTemplate\":\"https:\/\/fls.leonarddevinci-mayenne.fr\/?s={search_term_string}\"},\"query-input\":\"required name=search_term_string\"}],\"inLanguage\":\"fr-FR\"},{\"@type\":\"ImageObject\",\"inLanguage\":\"fr-FR\",\"@id\":\"https:\/\/fls.leonarddevinci-mayenne.fr\/index.php\/localisation\/#primaryimage\",\"url\":\"https:\/\/fls.leonarddevinci-mayenne.fr\/wp-content\/uploads\/2022\/05\/01FLSsite_25W_mm-1-1024x925-1.png\",\"contentUrl\":\"https:\/\/fls.leonarddevinci-mayenne.fr\/wp-content\/uploads\/2022\/05\/01FLSsite_25W_mm-1-1024x925-1.png\",\"width\":4267,\"height\":3855},{\"@type\":\"WebPage\",\"@id\":\"https:\/\/fls.leonarddevinci-mayenne.fr\/index.php\/localisation\/#webpage\",\"url\":\"https:\/\/fls.leonarddevinci-mayenne.fr\/index.php\/localisation\/\",\"name\":\"Localisation -\",\"isPartOf\":{\"@id\":\"https:\/\/fls.leonarddevinci-mayenne.fr\/#website\"},\"primaryImageOfPage\":{\"@id\":\"https:\/\/fls.leonarddevinci-mayenne.fr\/index.php\/localisation\/#primaryimage\"},\"datePublished\":\"2022-03-23T12:58:10+00:00\",\"dateModified\":\"2022-05-11T06:17:14+00:00\",\"breadcrumb\":{\"@id\":\"https:\/\/fls.leonarddevinci-mayenne.fr\/index.php\/localisation\/#breadcrumb\"},\"inLanguage\":\"fr-FR\",\"potentialAction\":[{\"@type\":\"ReadAction\",\"target\":[\"https:\/\/fls.leonarddevinci-mayenne.fr\/index.php\/localisation\/\"]}]},{\"@type\":\"BreadcrumbList\",\"@id\":\"https:\/\/fls.leonarddevinci-mayenne.fr\/index.php\/localisation\/#breadcrumb\",\"itemListElement\":[{\"@type\":\"ListItem\",\"position\":1,\"name\":\"Accueil\",\"item\":\"https:\/\/fls.leonarddevinci-mayenne.fr\/\"},{\"@type\":\"ListItem\",\"position\":2,\"name\":\"Localisation\"}]}]}<\/script>\n<!-- \/ Yoast SEO plugin. -->","yoast_head_json":{"title":"Localisation -","robots":{"index":"index","follow":"follow","max-snippet":"max-snippet:-1","max-image-preview":"max-image-preview:large","max-video-preview":"max-video-preview:-1"},"canonical":"https:\/\/fls.leonarddevinci-mayenne.fr\/index.php\/localisation\/","og_locale":"fr_FR","og_type":"article","og_title":"Localisation -","og_description":"1. Accueil2. AMA-CV (2e \u00e9tage)3. Sant\u00e9 Social (ASSP)4. Enseignement g\u00e9n\u00e9ral et 3e (rez-de-chauss\u00e9e)5. Ateliers industriels :\u2013 Maintenance v\u00e9hicules\u2013 Conduite routi\u00e8re\u2013 Chaudronnerie industrielle\u2013Carrosserie6. Industries graphiques7. Internat gar\u00e7ons \/ Foyer \/ CDI8. Gestion Administration (AGORA)9. Mission de lutte contre le d\u00e9crochage scolaire (MLDS)10. Centre de formation et d\u2019apprentissage (CFA)11. \u00c9ducation physique et sportive (EPS)12. Caf\u00e9t\u00e9ria \/ Self13. &hellip; Localisation Lire la suite\u00a0\u00bb","og_url":"https:\/\/fls.leonarddevinci-mayenne.fr\/index.php\/localisation\/","article_modified_time":"2022-05-11T06:17:14+00:00","og_image":[{"url":"https:\/\/fls.leonarddevinci-mayenne.fr\/wp-content\/uploads\/2022\/05\/01FLSsite_25W_mm-1-1024x925-1-1024x925.png"}],"twitter_card":"summary_large_image","twitter_misc":{"Dur\u00e9e de lecture estim\u00e9e":"1 minute"},"schema":{"@context":"https:\/\/schema.org","@graph":[{"@type":"WebSite","@id":"https:\/\/fls.leonarddevinci-mayenne.fr\/#website","url":"https:\/\/fls.leonarddevinci-mayenne.fr\/","name":"","description":"","potentialAction":[{"@type":"SearchAction","target":{"@type":"EntryPoint","urlTemplate":"https:\/\/fls.leonarddevinci-mayenne.fr\/?s={search_term_string}"},"query-input":"required name=search_term_string"}],"inLanguage":"fr-FR"},{"@type":"ImageObject","inLanguage":"fr-FR","@id":"https:\/\/fls.leonarddevinci-mayenne.fr\/index.php\/localisation\/#primaryimage","url":"https:\/\/fls.leonarddevinci-mayenne.fr\/wp-content\/uploads\/2022\/05\/01FLSsite_25W_mm-1-1024x925-1.png","contentUrl":"https:\/\/fls.leonarddevinci-mayenne.fr\/wp-content\/uploads\/2022\/05\/01FLSsite_25W_mm-1-1024x925-1.png","width":4267,"height":3855},{"@type":"WebPage","@id":"https:\/\/fls.leonarddevinci-mayenne.fr\/index.php\/localisation\/#webpage","url":"https:\/\/fls.leonarddevinci-mayenne.fr\/index.php\/localisation\/","name":"Localisation -","isPartOf":{"@id":"https:\/\/fls.leonarddevinci-mayenne.fr\/#website"},"primaryImageOfPage":{"@id":"https:\/\/fls.leonarddevinci-mayenne.fr\/index.php\/localisation\/#primaryimage"},"datePublished":"2022-03-23T12:58:10+00:00","dateModified":"2022-05-11T06:17:14+00:00","breadcrumb":{"@id":"https:\/\/fls.leonarddevinci-mayenne.fr\/index.php\/localisation\/#breadcrumb"},"inLanguage":"fr-FR","potentialAction":[{"@type":"ReadAction","target":["https:\/\/fls.leonarddevinci-mayenne.fr\/index.php\/localisation\/"]}]},{"@type":"BreadcrumbList","@id":"https:\/\/fls.leonarddevinci-mayenne.fr\/index.php\/localisation\/#breadcrumb","itemListElement":[{"@type":"ListItem","position":1,"name":"Accueil","item":"https:\/\/fls.leonarddevinci-mayenne.fr\/"},{"@type":"ListItem","position":2,"name":"Localisation"}]}]}},"_links":{"self":[{"href":"https:\/\/fls.leonarddevinci-mayenne.fr\/index.php\/wp-json\/wp\/v2\/pages\/49","targetHints":{"allow":["GET"]}}],"collection":[{"href":"https:\/\/fls.leonarddevinci-mayenne.fr\/index.php\/wp-json\/wp\/v2\/pages"}],"about":[{"href":"https:\/\/fls.leonarddevinci-mayenne.fr\/index.php\/wp-json\/wp\/v2\/types\/page"}],"author":[{"embeddable":true,"href":"https:\/\/fls.leonarddevinci-mayenne.fr\/index.php\/wp-json\/wp\/v2\/users\/1"}],"replies":[{"embeddable":true,"href":"https:\/\/fls.leonarddevinci-mayenne.fr\/index.php\/wp-json\/wp\/v2\/comments?post=49"}],"version-history":[{"count":39,"href":"https:\/\/fls.leonarddevinci-mayenne.fr\/index.php\/wp-json\/wp\/v2\/pages\/49\/revisions"}],"predecessor-version":[{"id":576,"href":"https:\/\/fls.leonarddevinci-mayenne.fr\/index.php\/wp-json\/wp\/v2\/pages\/49\/revisions\/576"}],"wp:attachment":[{"href":"https:\/\/fls.leonarddevinci-mayenne.fr\/index.php\/wp-json\/wp\/v2\/media?parent=49"}],"curies":[{"name":"wp","href":"https:\/\/api.w.org\/{rel}","templated":true}]}}